 the highest common factor of 2199 and 93283779.
2199
Calculate the greatest common divisor of 98380689 and 3311.
473
Calculate the greatest common factor of 3009292 and 572.
572
What is the highest common factor of 173825 and 356150?
425
Calculate the highest common divisor of 274138473 and 2814.
1407
What is the greatest common divisor of 8050168 and 28?
28
What is the highest common factor of 2550 and 172655?
5
What is the highest common factor of 273969 and 293679?
1971
What is the highest common factor of 544 and 39215056?
272
What is the greatest common divisor of 337572 and 1476?
36
Calculate the highest common divisor of 165 and 27247665.
15
Calculate the highest common divisor of 11645 and 2322013.
2329
What is the highest common factor of 8997025 and 2875?
575
Calculate the greatest common factor of 638520 and 3570.
510
Calculate the highest common factor of 1661911 and 3415094.
3803
What is the greatest common divisor of 71068 and 84923?
163
Calculate the greatest common factor of 2754 and 12520008.
162
What is the highest common factor of 104 and 2765848?
8
Calculate the greatest common factor of 4432501 and 61616.
3851
Calculate the highest common factor of 130986 and 16203198.
2298
Calculate the greatest common factor of 158123702 and 22.
22
What is the highest common divisor of 33289952 and 480?
32
What is the greatest common divisor of 17 and 770599?
1
Calculate the greatest common factor of 6255135 and 126408.
687
Calculate the greatest common factor of 2636 and 4432.
4
Calculate the highest common divisor of 119678 and 1820.
26
Calculate the greatest common factor of 264 and 2724312.
24
What is the greatest common divisor of 555076 and 1541106?
302
What is the greatest common divisor of 1104467 and 40075?
1603
Calculate the highest common factor of 220 and 4138805.
55
What is the highest common divisor of 11250 and 15427800?
450
What is the highest common divisor of 1650 and 99040425?
825
Calculate the highest common divisor of 9021 and 6461361.
93
What is the greatest common factor of 1247606940 and 90?
30
Calculate the greatest common factor of 42045 and 610035.
15
Calculate the highest common factor of 2546 and 2581330842.
2546
What is the highest common divisor of 316372484 and 2721?
907
Calculate the greatest common factor of 118020 and 1988700.
420
What is the greatest common divisor of 25 and 41131955?
5
What is the highest common factor of 12474 and 46093509?
2079
Calculate the greatest common factor of 19356400 and 775.
775
What is the highest common factor of 168 and 130269426?
42
What is the highest common divisor of 98814256 and 23?
23
What is the greatest common divisor of 73670 and 296070?
1390
Calculate the greatest common factor of 78 and 61588293.
39
What is the highest common divisor of 855775 and 23425?
25
Calculate the highest common divisor of 55936 and 5219528.
3496
What is the highest common factor of 4035219 and 8752?
547
Calculate the highest common factor of 33110 and 161621735.
2365
What is the highest common factor of 4184 and 2340856?
8
What is the highest common factor of 1972 and 55595236?
68
Calculate the greatest common divisor of 5392 and 546384.
16
What is the greatest common divisor of 54503820 and 4830?
210
Calculate the highest common divisor of 233549879 and 193.
193
What is the greatest common divisor of 16408 and 575159?
293
What is the greatest common divisor of 931 and 396998?
49
Calculate the greatest common divisor of 4494 and 192814.
214
Calculate the highest common divisor of 195422 and 1429.
1
Calculate the highest common factor of 85 and 11424986.
17
What is the highest common divisor of 7721677 and 94?
47
Calculate the greatest common factor of 85 and 155755275.
85
What is the greatest common factor of 11214 and 9848829?
267
Calculate the highest common divisor of 378040 and 63960.
520
Calculate the greatest common divisor of 2811557 and 7.
7
What is the highest common divisor of 30 and 1750865?
5
Calculate the greatest common divisor of 4186 and 103948.
26
What is the greatest common divisor of 243142528 and 194?
194
Calculate the greatest common factor of 11859372 and 6318.
486
Calculate the greatest common factor of 9221369 and 28472.
3559
Calculate the greatest common factor of 358004 and 16.
4
Calculate the greatest common factor of 56706626 and 62184.
5182
What is the greatest common factor of 20867778 and 288?
18
Calculate the greatest common factor of 4400 and 18608.
16
What is the greatest common divisor of 32955 and 18408?
39
What is the greatest common divisor of 612 and 34002?
18
Calculate the highest common factor of 22768 and 720.
16
What is the highest common divisor of 44693 and 23886377?
4063
Calculate the highest common divisor of 57233531 and 137.
137
Calculate the highest common factor of 946 and 912758.
22
What is the highest common factor of 484 and 3536412?
44
Calculate the highest common divisor of 49 and 68301023.
7
Calculate the greatest common divisor of 741 and 438900.
57
What is the highest common divisor of 714 and 13545532?
238
What is the greatest common factor of 404569 and 11?
11
What is the highest common divisor of 1650 and 3786150?
150
What is the highest common divisor of 51284122 and 2494?
2494
What is the highest common divisor of 1493834 and 26?
2
What is the greatest common divisor of 146 and 275170288?
146
What is the greatest common factor of 4602 and 169566?
354
Calculate the greatest common divisor of 324 and 12268422.
162
Calculate the greatest common divisor of 11735050 and 40.
10
Calculate the greatest common divisor of 157999868 and 988.
52
What is the greatest common factor of 118893299 and 14?
7
What is the highest common factor of 383812 and 980148?
3172
What is the highest common factor of 870 and 15206280?
30
What is the highest common factor of 35136 and 740052?
2196
Calculate the greatest common divisor of 78398726 and 588.
98
Calculate the greatest common factor of 93767487 and 33.
33
Calculate the greatest common divisor of 1206690 and 1520.
190
Calculate the greatest common divisor of 17553552 and 96.
48
What is the greatest common divisor of 758748 and 1908?
636
Calculate the highest common factor of 2599197 and 12.
3
Calculate the greatest common factor of 22060819 and 83.
83
What is the greatest common factor of 21224 and 45649034?
758
Calculate the greatest common factor of 78120 and 86180.
620
Calculate the highest common factor of 15192912 and 672.
336
What is the highest common divisor of 406730 and 85440?
890
What is the highest common factor of 2679882 and 6?
6
What is the greatest common divisor of 1325252 and 101524?
68
What is the highest common divisor of 6461310 and 1221?
111
Calculate the greatest common divisor of 73584 and 48524.
28
Calculate the greatest common divisor of 12987 and 996484.
37
Calculate the highest common divisor of 4833 and 428193.
27
Calculate the highest common divisor of 25593285 and 1425.
285
What is the highest common divisor of 1224126 and 4950?
18
Calculate the highest common divisor of 35553 and 58863.
21
Calculate the greatest common factor of 8022235 and 1430.
65
What is the greatest common divisor of 364 and 10330978?
14
Calculate the greatest common factor of 289 and 897379.
17
Calculate the highest common divisor of 530218 and 403.
13
Calculate the highest common divisor of 32608 and 36128.
32
Calculate the greatest common factor of 1223 and 130901359.
1223
What is the greatest common divisor of 146142336 and 26928?
816
What is the greatest common factor of 195228 and 55938564?
11484
What is the greatest common factor of 35 and 4387985?
35
Calculate the highest common factor of 17766 and 1566463.
47
What is the greatest common factor of 161 and 14844867?
23
What is the highest common factor of 10539 and 74944?
1171
Calculate the highest common factor of 162 and 42926274.
162
What is the greatest common divisor of 1793079320 and 7580?
7580
Calculate the highest common factor of 7469240 and 13700.
2740
Calculate the highest common factor of 915054 and 17178.
42
Calculate the greatest common factor of 36 and 3478616.
4
What is the highest common factor of 17653489 and 125419?
3059
Calculate the highest common factor of 28462825 and 25.
25
What is the greatest common di